
Let q = -47 - -86. Let f = q + -7. Suppose -3*i + f = -19. What is the tens digit of i?
1
What is the hundreds digit of ((-21168)/(-35))/9*5?
3
Suppose -5*j + 41 = -14. Let n = 54 - j. Let a = n + -26. What is the units digit of a?
7
Let k be (-2)/(-8) + 155/20. Suppose -k*y + 78 = -498. What is the units digit of y?
2
Let v = 1212 + -577. What is the tens digit of v?
3
Let q = -33 + 44. Let p = q + -19. What is the units digit of -2 + 4/(p/(-6))?
1
Let y(w) = -266*w - 298. What is the thousands digit of y(-17)?
4
Suppose 0 = -4*x - 4*w + 396, -202 = -0*x - 2*x - 3*w. Let r = 247 - x. What is the tens digit of r?
5
Suppose 3*o + 34 = 4*v, 0 = o + 4*v - 14 + 4. Let c = -33 - -12. What is the units digit of (c + o/3)*-1?
3
Suppose f - 699 = -t, 4*t + 288 = -5*f + 3785. What is the hundreds digit of f?
7
What is the units digit of (-375 + -1)*(-29)/58?
8
Suppose 0 = -4*m + 12, -8*m - 396 = -r - 5*m. What is the hundreds digit of r?
4
Suppose 0 = 3*s + 3*t, -3*t + 4 = -s + 5*s. Suppose 4*n - 36 + s = 0. What is the units digit of n?
8
Let j be ((-14)/(-7))/(2/3). Suppose 5*z + 37 = j*m, -5*m = -z - 0*z - 47. Suppose f + 3 = m. What is the units digit of f?
6
Suppose -3 = -5*x + 27. Suppose 122 = -x*z + 8*z. What is the units digit of z?
1
Let g(c) = -7*c**3 - 7*c**2 + 27*c + 118. What is the hundreds digit of g(-7)?
9
Suppose 35*d = 7115 + 20430. What is the hundreds digit of d?
7
Suppose 81*u = 88*u - 12803. What is the hundreds digit of u?
8
Let k be (3/6)/((-2)/80). Let l be 6/27 - (-210)/27. What is the tens digit of (-146)/(-10) - l/k?
1
Let m be (4 - (-876)/30)*20. Suppose 2309 - m = 5*c. What is the tens digit of c?
2
Let x = 22 + 220. What is the tens digit of x?
4
Let g be (-1)/(117/30 + -4). Let y(o) = -o**3 + 4*o**2 + 8*o - 7. Let c be y(5). What is the units digit of c/20 - (-126)/g?
3
Let n(g) = 5*g**2 + 4*g. Suppose -2*s = -6 + 2. What is the tens digit of n(s)?
2
Suppose -4*g + 5*f + 10 = 0, -4*f - 12 + 4 = 3*g. Suppose -l - 4*w = -8*w - 222, -w = g. What is the tens digit of l?
2
Suppose -103*n - 21165 = -120*n. What is the hundreds digit of n?
2
Suppose o - 205 = -5*j, -9*o = -10*o + j + 187. Suppose o = 4*x - 486. What is the tens digit of x?
6
Suppose 0 = k + 4*q - 4558, k + 51*q - 4546 = 50*q. What is the hundreds digit of k?
5
Let b = 3469 - 1911. What is the units digit of b?
8
What is the hundreds digit of (-687)/(6 + (-36)/(-8))*-7?
4
What is the hundreds digit of 28005/55 + (40/22 - 2)?
5
Let r(j) = -j**3 + 11*j**2 + 11*j + 18. Let y be r(13). Let b = y + 321. What is the tens digit of b?
4
Let v(r) = -5*r. Let x be v(1). Let o(i) = -i**3 - 2*i**2 - i + 2. What is the tens digit of o(x)?
8
Let u(z) = -z**3 - 5*z**2 - 4*z + 5. Let r be u(-4). Suppose r*y = 4*a + 55, y + 4*a - 8 = 3. What is the tens digit of y?
1
Let r(l) = -6*l**2 - 19*l + 56. Let k(o) = -8*o**2 - 19*o + 57. Let u(s) = -4*k(s) + 5*r(s). What is the tens digit of u(17)?
0
Let v = 2593 + -1226. What is the hundreds digit of v?
3
Let c(o) = -o + 14. Let g be c(9). Suppose -g*u + 69 = 9. What is the units digit of u?
2
Let w(d) = -d - 11. Let k be w(-16). Suppose -3*n - 26 - 56 = -2*l, k*l + n - 205 = 0. What is the tens digit of l?
4
Suppose 0 = -28*f + 33284 + 8884. What is the tens digit of f?
0
Let p(x) = -x**3 + 21*x**2 + 21*x + 24. Let q be p(22). Suppose -q*d - 837 = -11*d. What is the tens digit of d?
9
Let i = -2 + 0. Suppose 0 = -18*m + 21*m + 60. What is the units digit of ((-25)/m)/(i/(-48))?
0
Let v be ((-1644)/9 + -2)/(8/(-12)). Let b = v - 181. What is the tens digit of b?
9
Suppose 4*q = -4*m - 15 + 43, -27 = -5*q - m. Suppose 2*h = -4*r - h + 418, 0 = 4*r + q*h - 414. What is the units digit of r?
6
Suppose -6*a = 2*a - 16. Let p be a + (5 - 4) + -2. What is the units digit of -21 + 21 - (-29 - p)?
0
Let t(m) = -11*m + 3. Let f be t(3). Let z be ((-2)/5)/(3/f). Suppose 4 + 4 = l - d, 57 = z*l + d. What is the tens digit of l?
1
Let i(h) = -6*h + 13. Let b be i(-27). Suppose -2*y - y + 109 = -c, -5*y + 3*c + b = 0. What is the tens digit of y?
3
Let a(z) = -2*z + 17. Suppose -4*g = -2*q + 6, 5*g + 3*q = -0*q + 9. What is the tens digit of a(g)?
1
Suppose 27*o + 3*x = 24*o + 7773, -2609 = -o + 5*x. What is the thousands digit of o?
2
Suppose 0 = -q - 3*v + 223, q - 4*v - 193 = -v. Suppose 0*t = -2*t - 3*p + q, -2*p - 416 = -4*t. What is the units digit of t?
4
Let p = 42 + -37. Let k(b) = -b + 10. What is the units digit of k(p)?
5
Suppose 2*w = z + 1058, -2*w + 3*z + z + 1064 = 0. What is the units digit of w?
8
Let z = -178 + 295. What is the tens digit of z?
1
Suppose -15 = -3*h - 3*v, -4*h - 13 = -3*h - 5*v. Let q(d) = 7*d + 5. Let t be q(4). Suppose 2*g + 36 = h*n, 5*g + t - 143 = -5*n. What is the tens digit of n?
2
Let m = -176 + 2805. What is the hundreds digit of m?
6
Suppose -64*d + 136224 = 8*d. What is the tens digit of d?
9
Let o(a) = a**3 + 4*a**2 - a. Let i be o(-4). Suppose 2*t = -i*m + 30, -4*m + 2*t + 24 = m. Suppose -m*l = -2*l - 200. What is the units digit of l?
0
What is the tens digit of (370/(-34) - -11) + 18171/17?
6
Suppose -4*g - 295 = -2*g + 5*x, 2*x = 2*g + 302. Let n be 4/24*-4*g. Suppose -3*d = 2*d - n. What is the units digit of d?
0
Suppose 20 - 75 = 5*u - 5*x, 0 = -4*x - 20. Let y be ((-729)/(-36))/((-3)/u). Suppose -2*b = 2*b - y. What is the units digit of b?
7
Suppose 315 = 4*s - 2*d - 3*d, 0 = -5*s - 3*d + 366. Suppose s*n = 71*n + 172. What is the units digit of n?
3
Let i = -43 - -46. Suppose i*r + 188 = 5*r. What is the tens digit of r?
9
Let d(j) = 38*j**2 - 1. Suppose 2*g + 4 = 6. What is the tens digit of d(g)?
3
Let s(j) = 73*j - 16. Let z(c) = -145*c + 33. Let u(a) = -13*s(a) - 6*z(a). What is the units digit of u(-2)?
8
Let u(y) = -y**2 - 5*y + 17. Let a be u(-7). Suppose 36 + 216 = a*h. What is the tens digit of h?
8
Let y(j) = j**3 + 13*j**2 + 2*j + 4. What is the hundreds digit of y(-12)?
1
Let s(f) be the second derivative of f**5/20 + f**4/6 - 5*f**3/6 + 2*f**2 - 21*f. What is the tens digit of s(2)?
1
Suppose -2*m - h = -m - 712, -2*m - 5*h + 1436 = 0. What is the tens digit of m?
0
Suppose 0 = u + 3*u + 4. Let i be (0/((-4)/u))/2. Suppose -15 = -i*j - 5*j. What is the units digit of j?
3
Suppose 20*p = 15*p - 510. Let v = -49 - p. What is the units digit of v?
3
Let y be (4 + 22)*3/6. Let l(b) = 3*b - 14. What is the units digit of l(y)?
5
Suppose -65*d + 69*d - 12700 = -4*k, -4*d + 4*k = -12676. What is the tens digit of d?
7
Let b = 81 + -121. Let m be 30/20*b/(-3). What is the units digit of (-1 - -11)*m/25?
8
Let x = -1876 + 3566. What is the units digit of x?
0
Suppose -9 = -w - 3*g, -4*w + 2*g = 1 - 9. What is the tens digit of (-999)/36*(-8)/w?
7
Let i(w) = -22*w + 42. What is the tens digit of i(-6)?
7
Suppose -3*x - 9 = -6*x. Suppose o + 0*o + x = 3*m, -2*o + 5*m - 5 = 0. Suppose -2*w = -o*w - 4. What is the units digit of w?
2
Let j be 63/15 - 8/40. Suppose 0 = 8*k - j*k - 388. What is the units digit of k?
7
Suppose 34 = 17*h - 2686. What is the units digit of h?
0
Let a(i) = 10*i**2 - i - 6. What is the thousands digit of a(18)?
3
Let f(u) = -u**2 + 12*u - 1. Let w be f(6). Let y = 190 + -244. What is the units digit of (w/(-21))/(2/y)?
5
Suppose -4*h - 51 = 25. Let z = h - -52. What is the tens digit of z?
3
Let y(z) = -z**2 - 6*z + 2. Let k be y(-7). Let l(p) = -12*p + 4. What is the units digit of l(k)?
4
What is the hundreds digit of (-50)/60 - 8218/(-12)?
6
Suppose 9*x - 14*x + 15 = 0. Let m be 8/6*(-6)/(-4). Suppose -x*t + 13 = -m*t. What is the units digit of t?
3
Suppose 2 = -3*b - 4. Let a(j) = 2*j - 3. Let u(d) = -2*d + 1. Let c(s) = a(s) + 2*u(s). What is the units digit of c(b)?
3
Let h = 16 - 5. Let z(g) = -g**2 + 10*g + 14. Let d be z(h). Suppose -4*u = 2*m - 64, d*m - 2*u = 2*u + 106. What is the units digit of m?
4
Suppose -2*m + 1632 = 4*f, 2*m - 4*f = 1577 + 63. What is the hundreds digit of m?
8
Let t(w) = 4*w**2 + 123*w + 13. What is the hundreds digit of t(-37)?
9
Let k be (22 - 48)*(-5)/10. Let h = 10 + -22. Let p = h + k. What is the units digit of p?
1
Let w = 24 + -8. Suppose w*z - 10*z - 1152 = 0. What is the tens digit of z?
9
Let r = 138 + -86. Let k(m) = -2*m**3 - 5*m**2 + 5*m - 1. Let n be k(2). Let j = n + r. What is the tens digit of j?
2
Supp